prime factors of l.
13
Let s = 46 - 20. List the prime factors of s.
2, 13
Suppose 3*c - 12 = d - 0*c, 12 = 3*d + 3*c. Suppose d = 4*y + 3*v + 27, -5*y - v = -4*y + 7. What are the prime factors of y/9*5*-3?
2, 5
List the prime factors of (-10)/((-114)/27 + 4).
3, 5
Let p = 36 + -16. Suppose -2*q + 4*j + 22 = 0, 4*q + 2*j - p - 4 = 0. Suppose -q = -4*m + 3*m. List the prime factors of m.
7
Suppose -16*r + 12*r - 140 = 0. Let f = r + 80. List the prime factors of f.
3, 5
Suppose -13*c + 51 = -10*c. List the prime factors of c.
17
List the prime factors of ((-13)/2)/(10/(-52))*5.
13
Let d(m) = -m + 3. Let x be d(0). Suppose -7 = -x*s + 5. Let v = s - 1. What are the prime factors of v?
3
Let r(w) be the second derivative of w**6/360 - w**5/40 + w**4/24 + w**3/6 - 2*w. Let u(b) be the second derivative of r(b). List the prime factors of u(4).
5
Let z(g) be the second derivative of g**5/5 + g**3/3 - g**2/2 - 2*g. What are the prime factors of z(1)?
5
Let x(w) = -w**2 + 8*w + 2. Let a = -12 + 20. Let c be x(a). Suppose -16 = -c*h - 2*h. What are the prime factors of h?
2
Suppose w = 5*a + 135, -65 + 317 = 2*w - a. List the prime factors of w.
5
Let z be 2 + 0 - (-8)/4. Suppose 5*a = -w + 5*w + 10, 0 = 2*w - z*a + 8. Let m(u) = -u**2 + 12. List the prime factors of m(w).
2, 3
Let d = 23 - 18. Suppose 2*c + 3*r = 3, 3*r - r - 24 = -d*c. List the prime factors of c.
2, 3
Suppose -2*x - 67 = -413. List the prime factors of x.
173
Let b = -54 - -79. Suppose -32 - b = -4*f - 5*w, 5*w + 8 = f. List the prime factors of f.
13
Let b be (-1)/4 - (-130)/8. Let a = 73 - b. Suppose -5*s + a = -4*h + 3*h, 4*s + h = 42. List the prime factors of s.
11
Suppose -4*q = j - 3*j - 6, 2*q = 3*j - 3. Suppose -v + q*y + 8 = -0*y, v - 9 = 4*y. Let t(w) = w**2 - 4*w. List the prime factors of t(v).
5
Suppose 3*j - h = -95, 3*j - 4*h = -9*h - 65. Suppose 12 = 2*x + 2*u, -3*x + 2*x + 4*u = 19. What are the prime factors of (j*x)/(-3) + 0?
2, 5
Suppose -8 = -p + 76. Let l(i) = -3*i - 4. Let g be l(-3). Suppose o + p = g*o. List the prime factors of o.
3, 7
Suppose 0 = -3*s - 13 + 64. List the prime factors of s - (-4)/(12/(-9)).
2, 7
Let f be (-4)/(-3)*(-18)/(-4). Suppose -3*j + 4*m = -56, f*j - 2*j - m - 79 = 0. List the prime factors of j.
2, 5
Let z = -8 + 13. Suppose -4*w = -y - 37, z*w - y + 3*y - 56 = 0. What are the prime factors of w?
2, 5
Suppose -12*a + 475 + 989 = 0. What are the prime factors of a?
2, 61
Let z(o) = 3*o**2 + 2*o - 3. What are the prime factors of z(-3)?
2, 3
Let g = -19 + 127. List the prime factors of g.
2, 3
Suppose -4*g = -3*b - 3 + 9, 5*b = 5*g + 10. Suppose 4*h - 5*i = 4, b*i + 0*i - 26 = -3*h. List the prime factors of (-3 + -3)/((-4)/h).
3
Let g(i) = -14*i**3 - 3*i**2 - 5*i. List the prime factors of g(-2).
2, 5, 11
Let n be 0 - 1 - 0/(-3). Let v be (-6)/(2/n) - -7. Let q = v - 7. What are the prime factors of q?
3
Suppose 3*a + 8 = -b, a + 3*b = b - 11. List the prime factors of a/1 - (-4 + -2).
5
Let y(i) be the first derivative of i**2/2 + 1. Let k be y(2). Suppose 3*u - 35 = -k*u. List the prime factors of u.
7
Let h(y) = 4*y - 2 - 2*y**2 - 2*y**2 + 5*y**2. Let k be h(-5). Let m = 10 - k. List the prime factors of m.
7
Let u(k) = k + 15*k**3 + 3*k**2 - 4*k**2 - 6*k**3. What are the prime factors of u(1)?
3
Let d(i) = i**3 + 6*i**2 - 8*i - 4. Let v be d(-7). Suppose g + v*w = 0, -g + w = 2*g. What are the prime factors of (g - -20)*(-5)/(-10)?
2, 5
Let c(s) = -7*s**3 + 23*s**2 + 19*s + 21. Let v(t) = -2*t - 7*t - 11*t**2 + 3*t**3 - 2 - 8. Let b(z) = -4*c(z) - 9*v(z). What are the prime factors of b(-6)?
2, 3
Let y(x) = -x**2 - 5*x - 5. Let i be y(-4). Let c be (-2)/i - 0/(-4). Suppose 4*z - g = 10, -c*z + 2*g = -1 - 1. What are the prime factors of z?
3
Let y = -69 + 105. What are the prime factors of y?
2, 3
Let u = -46 - -80. What are the prime factors of u?
2, 17
Let x(k) = k**3 + 2*k**2 - 2*k. Let j be x(-2). Let o = j - 0. What are the prime factors of o?
2
Suppose 19*c = 22*c - 603. What are the prime factors of c?
3, 67
Let y(v) = -6*v + 16. Let l(s) = -5*s + 15. Let d(x) = 5*l(x) - 4*y(x). Let o be d(8). Suppose -k - 28 = -o*k. List the prime factors of k.
2, 7
Suppose -3*l - 5*c + 13 = 5, -5*l + 10 = 5*c. Let u be (1 + l + 0)*-7. List the prime factors of (2/(-7))/(2/u).
2
Let g be (-1)/(0 - 1)*-3. What are the prime factors of 5/15 + (-101)/g?
2, 17
Suppose -2*d + 6*q + 46 = 2*q, 5*d - q - 160 = 0. What are the prime factors of d?
3, 11
Suppose -4*f + 5 = f. Let m be ((-8)/(-10))/(f/5). Suppose m*w - 3*w = 6. List the prime factors of w.
2, 3
Suppose 0 = 2*x - 2*c - 2*c - 24, 2*x + 3*c = 31. What are the prime factors of (-5 - -4)/((-1)/x)?
2, 7
Let u be 13 - ((0 - -1) + -3). Let m = 52 - u. What are the prime factors of m?
37
Let l be 7/(-35) + (-2)/(-10). Suppose -5*o - 20 = 0, 4*b - 3*o - 21 - 3 = l. Let f = -1 + b. List the prime factors of f.
2
Suppose -13*f + 10*f - 18 = 0. Let n = 8 + f. What are the prime factors of n?
2
Let f(t) = 10*t + 7*t + 8*t**2 + 6 - 7*t + 8 + t**3. List the prime factors of f(-6).
2, 13
Suppose -6 = 3*g, 1 = 3*b - 2*g + 6*g. Suppose -142 = -4*i + b*t, -t - 76 = -2*i - 2*t. What are the prime factors of i?
37
Let f = 43 + -6. List the prime factors of f.
37
Suppose -3*y + 93 = 3*w, -2*y - 3*y - 3*w = -145. What are the prime factors of y?
2, 13
Let y(r) be the second derivative of 5/2*r**2 + 2/3*r**3 + 0 + 1/12*r**4 + 3*r. What are the prime factors of y(-4)?
5
Let k(g) = -8*g + 3. Let x(f) = 88*f - 32. Let r(p) = -32*k(p) - 3*x(p). Let u be r(-4). Suppose -i - u = -5*i. List the prime factors of i.
2
Suppose 2*c = -2*b + 182, 5*c + 0*b = 2*b + 476. What are the prime factors of c?
2, 47
Suppose -2*c - 6 = -5*c. Suppose -10 = -c*d - 3*d. Suppose -2*i + 6 = d. What are the prime factors of i?
2
Let w(t) = 6*t**3 - 4*t**2 - 3. Let k be w(3). Suppose 3*u + 30 = k. List the prime factors of u.
31
Suppose w + 0*w = -2. Let x(b) = b. Let u(a) = 4*a - 2. Let c(r) = -u(r) - 3*x(r). What are the prime factors of c(w)?
2
Suppose -6*f = -254 - 94. List the prime factors of f.
2, 29
Let y(d) = 4*d**2 + 13*d - 3. List the prime factors of y(-7).
2, 3, 17
Suppose 3*d + 7 = 55. List the prime factors of d.
2
Let o(z) = 0 - 6 - 3 - 5*z - 3. What are the prime factors of o(-6)?
2, 3
Suppose -11 = 5*b - 36. Suppose -5*k + 110 = b*c, 4*c + 0*k - 98 = k. What are the prime factors of c?
2, 3
Let f(d) = 3*d**2 + d + 20. List the prime factors of f(7).
2, 3, 29
Let z be 3 + (-3)/1 - -4. Let v be 21/6 - 2/z. Suppose 4*o - 4*q = 8, -v*o + 26 = -0*o + 2*q. List the prime factors of o.
2, 3
Let c(z) be the first derivative of -3*z**2 - z - 3. Let p be c(-1). Suppose -p*q + 29 = -1. List the prime factors of q.
2, 3
Suppose -6*w = -w - 10. Suppose -17 = -w*b + b + k, -b + 3*k = -23. Let u = -3 + b. What are the prime factors of u?
11
Suppose k - 4*k + 6 = 0. Let t = k - -2. Suppose 5 = y + z + t*z, -5*y + 5*z = -25. What are the prime factors of y?
5
Let r(q) = 2*q**2 + 3*q - 5. Suppose -4*x = 3*p + 13, 3*p + 0 = 3. Let u be r(x). Suppose u = -0*w + 3*w. What are the prime factors of w?
5
Let x = -2 + 1. Let k = x + 10. List the prime factors of k.
3
Let g(s) = s**2 - 5*s + 4. Let b be g(3). Let f = 4 + b. Suppose 0*x + x = 4, -24 = -4*c + f*x. What are the prime factors of c?
2
Let w be -5*3/(12/(-44)). Suppose -5*q = 3*a - 24 - w, 2*a - 53 = -3*q. List the prime factors of a.
2, 7
Let m(o) = o**2 + 5*o - 3. Let q be m(-8). Let n = -3 + q. List the prime factors of ((-12)/3)/2 + n.
2
Let k = -10 - -6. Let p = -1 - k. Suppose 0*j - p*j - 2*z = -19, -29 = -4*j + z. List the prime factors of j.
7
Let r(d) = -25*d**3 + d + 1. Let h be r(-1). Suppose 4*o + 0 + 26 = g, 4*g - 14 = -2*o. Suppose -b - h = -g*b. What are the prime factors of b?
5
Suppose -5*k + 23 + 2 = 0. Suppose -k*g = -2*g, -2*g = -h + 1. Let d(c) = 2*c**3 - c**2 + 2*c - 1. List the prime factors of d(h).
2
Suppose -y = y - 112. What are the prime factors of y?
2, 7
Let z(y) = -4*y - 6. What are the prime factors of z(-7)?
2, 11
Let b = -21 - -37. List the prime factors of b.
2
Let k(v) = -12*v**2 - 2. Let b be k(-2). Let q = 78 + b. List the prime factors of q.
2, 7
Let a = -20 + 105. What are the prime factors of a?
5, 17
Suppose c - 3*u - 26 = 0, 6*u - 12